(base 3) to base 9
-1007
Convert 105224 (base 6) to base 7.
35035
What is 393 (base 16) in base 11?
762
111313 (base 4) to base 16
577
What is 3012300 (base 4) in base 9?
18403
What is 33 (base 6) in base 7?
30
Convert -11100 (base 4) to base 7.
-660
What is 34061 (base 12) in base 15?
1577d
c61a (base 14) to base 13
126c3
What is 1762 (base 11) in base 8?
4306
Convert 13301 (base 7) to base 3.
11220112
What is 102121121 (base 3) in base 7?
33454
785 (base 10) to base 6
3345
What is -1341 (base 7) in base 16?
-207
Convert 12011 (base 3) to base 7.
256
Convert 378 (base 15) to base 6.
3352
-4001 (base 10) to base 13
-1a8a
-679 (base 14) to base 9
-1675
What is 10200222201 (base 3) in base 13?
27241
Convert -17332 (base 11) to base 3.
-1020102002
Convert -6787 (base 9) to base 10.
-5020
Convert -471 (base 8) to base 16.
-139
-21064 (base 7) to base 8
-12107
What is -3364 (base 10) in base 3?
-11121121
Convert -110 (base 9) to base 6.
-230
20 (base 6) to base 2
1100
-2102002 (base 3) to base 15
-7c2
What is -1200110 (base 3) in base 12?
-863
33130 (base 7) to base 13
3a18
What is -11026 (base 11) in base 12?
-9314
-204120 (base 5) to base 16
-1a81
Convert 242 (base 9) to base 4.
3020
What is 111022 (base 4) in base 2?
10101001010
Convert -259 (base 13) to base 11.
-345
What is 6641 (base 7) in base 5?
34011
What is -5334 (base 7) in base 11?
-1466
6a3 (base 14) to base 8
2447
Convert -5a9a (base 11) to base 8.
-17446
-14802 (base 14) to base 13
-1a272
What is 100010101101011 (base 2) in base 15?
53eb
Convert -1850 (base 14) to base 15.
-1472
Convert 1310 (base 7) to base 4.
13301
What is -311 (base 16) in base 11?
-654
-20036 (base 7) to base 15
-166e
What is 1254 (base 9) in base 10?
940
Convert -32635 (base 7) to base 10.
-8209
1100101010011 (base 2) to base 15
1dc3
Convert -5105 (base 6) to base 4.
-101201
Convert -2b38 (base 13) to base 3.
-22122100
Convert -3935 (base 10) to base 13.
-1a39
What is -313210 (base 5) in base 3?
-112022022
Convert 3002 (base 4) to base 7.
365
1291 (base 13) to base 2
101001011101
What is 12143 (base 8) in base 6?
40055
Convert -3642 (base 13) to base 12.
-4523
What is -355 (base 15) in base 8?
-1363
What is -97e (base 15) in base 12?
-12a8
What is 367 (base 11) in base 16?
1b4
-177b (base 13) to base 15
-1072
-4556 (base 10) to base 3
-20020202
What is 399 (base 12) in base 2?
1000100101
Convert 3ad (base 15) to base 7.
2305
Convert 33107 (base 9) to base 7.
121006
Convert a848 (base 14) to base 7.
150521
Convert 17b5 (base 13) to base 2.
110111001000
Convert -20311121 (base 4) to base 5.
-2124220
Convert 102331 (base 4) to base 9.
1587
What is -1021210 (base 3) in base 13?
-573
Convert -111200 (base 3) to base 9.
-450
Convert 5b1 (base 16) to base 15.
672
What is -30131312 (base 4) in base 12?
-25672
What is 46bb (base 12) in base 15?
252e
What is 4109 (base 13) in base 6?
105302
-123 (base 9) to base 6
-250
Convert -842 (base 16) to base 15.
-95e
-37a5 (base 12) to base 4
-1202231
Convert 2202132 (base 4) to base 2.
10100010011110
What is -4635 (base 10) in base 8?
-11033
13130 (base 4) to base 8
734
-428 (base 9) to base 2
-101011110
-37717 (base 12) to base 5
-4402311
-14030 (base 9) to base 16
-2520
30164 (base 12) to base 14
18a72
Convert -41134 (base 10) to base 2.
-1010000010101110
Convert 1440 (base 5) to base 4.
3311
What is -4161 (base 7) in base 3?
-2000020
-22 (base 5) to base 4
-30
What is 17717 (base 8) in base 4?
1333033
-1100100001 (base 2) to base 4
-30201
177 (base 12) to base 13
151
What is -2123312 (base 4) in base 6?
-114102
Convert 1564 (base 12) to base 3.
10110111
5032 (base 6) to base 4
101030
-141420 (base 6) to base 2
-11010000010100
Convert 13130 (base 4) to base 2.
111011100
Convert 1100111000001 (base 2) to base 12.
3995
What is -2017 (base 8) in base 2?
-10000001111
Convert 4010 (base 5) to base 10.
505
Convert -4743 (base 12) to base 14.
-2c95
What is 24503 (base 6) in base 9?
4883
What is 106250 (base 8) in base 7?
206660
-202111212 (base 3) to base 14
-5642
-1032 (base 8) to base 16
-21a
4a16 (base 11) to base 5
202201
Convert 2715 (base 8) to base 2.
10111001101
Convert 1311232 (base 4) to base 7.
30652
Convert 12222 (base 3) to base 10.
161
-2032020 (base 4) to base 12
-5320
12f (base 16) to base 5
2203
-2121012 (base 3) to base 5
-30040
-1230120 (base 4) to base 13
-3207
Convert -4096 (base 12) to base 16.
-1b72
-3321 (base 5) to base 9
-562
What is 6627 (base 9) in base 2?
1001100010101
Convert -2ac5 (base 16) to base 2.
-10101011000101
What is -303230 (base 7) in base 8?
-144561
13320 (base 4) to base 12
360
What is 25402 (base 7) in base 11?
5055
Convert 101001111001 (base 2) to base 13.
12b3
What is -1259 (base 10) in base 6?
-5455
Convert 3101 (base 5) to base 11.
335
What is -3a4 (base 14) in base 11?
-606
-273 (base 13) to base 4
-12300
32301 (base 4) to base 11
78a
c655 (base 14) to base 6
422123
Convert -2551 (base 6) to base 12.
-457
What is -3a9 (base 11) in base 13?
-2b1
Convert 1354 (base 10) to base 2.
10101001010
Convert -35380 (base 9) to base 8.
-56133
What is 12230 (base 12) in base 13?
b20b
Convert -a66 (base 14) to base 3.
-2210221
Convert 2023013 (base 4) to base 13.
408b
-138 (base 9) to base 7
-224
-201000 (base 3) to base 10
-513
1353 (base 8) to base 13
456
Convert 8fb (base 16) to base 12.
13b7
What is 2332 (base 4) in base 3?
21001
What is 35543 (base 11) in base 16?
c81e
What is -3300123 (base 4) in base 11?
-10619
Convert -614 (base 9) to base 6.
-2151
What is 2443 (base 7) in base 12?
641
Convert -300330 (base 4) to base 14.
-11da
Convert 13231 (base 6) to base 4.
133303
Convert -263 (base 9) to base 7.
-432
What is -10112222 (base 3) in base 13?
-1244
135 (base 16) to base 6
1233
What is 14020 (base 6) in base 11?
16a5
Convert -144430 (base 5) to base 13.
-2ac0
What is 30 (base 12) in base 10?
36
Convert 14292 (base 13) to base 11.
2644a
Convert -1011110100 (base 2) to base 16.
-2f4
What is -213a (base 13) in base 7?
-16306
What is -2110 (base 3) in base 10?
-66
Convert -aad (base 16) to base 9.
-3666
2201010 (base 3) to base 16
7b6
What is -2120 (base 3) in base 9?
-76
5697 (base 14) to base 2
11101010110101
-10100100100000000 (base 2) to base 15
-19e4e
Convert 10100100 (base 2) to base 6.
432
What is 110001011111111 (base 2) in base 6?
313155
-111a (base 14) to base 15
-d29
Convert -7537 (base 8) to base 10.
-3935
-525 (base 14) to base 8
-1765
12020 (base 4) to base 14
200
What is -a7c3 (base 13) in base 2?
-101101100010000
What is 9840 (base 13) in base 3?
1002001100
What is -883 (base 13) in base 14?
-763
-130b4 (base 12) to base 5
-1313211
d28 (base 14) to base 9
3481
-387 (base 10) to base 15
-1ac
Convert 2444 (base 5) to base 9.
455
What is -10120001 (base 3) in base 14?
-d33
1101110000 (base 2) to base 13
529
126 (base 9) to base 15
70
What is 14120 (base 5) in base 6?
5212
-16330 (base 10) to base 16
-3fca
-640 (base 10) to base 12
-454
What is -5970 (base 10) in base 11?
-4538
What is 200223 (base 5) in base 9?
8584
What is 10204211 (base 5) in base 16?
14bc3
1310 (base 4) to base 8
164
-4405 (base 8) to base 5
-33214
What is 70a (base 12) in base 4?
33322
What is -38a7 (base 11) in base 7?
-20543
What is -283 (base 15) in base 4?
-20331
What is 111012111 (base 3) in base 14?
3717
4578 (base 9) to base 3
11122122
What is 12201 (base 7) in base 9?
4330
5a9 (base 12) to base 14
449
What is -144141 (base 5) in base 4?
-1200123
440 (base 8) to base 4
10200
2122122 (base 3) to base 6
12542
What is -1377 (base 9) in base 2?
-10000010010
What is -100564 (base 9) in base 6?
-1135304
What is -900 (base 10) in base 11?
-749
4133 (base 8) to base 4
201123
What is -1cd (base 15) in base 9?
-514
What is 612 (base 7) in base 5?
2203
-24 (base 12) to base 11
-26
14 (base 11) to base 14
11
Convert -5153 (base 8) to base 3.
-10122210
What is 44106 (base 9) in base 10?
29247
Convert 7904 (base 11) to base 6.
120110
What is 54230 (base 7) in base 8?
32270
Convert 2830 (base 15) to base 11.
6504
What is -36d5 (base 14) in base 7?
-36655
What is 101 (base 3) in base 6?
14
3131221 (base 4) to base 15
430a
Convert -21363 (base 7) to base 8.
-12331
Convert -45 (base 11) to base 13.
-3a
What is 2325 (base 16) in base 10?
8997
Convert -2dc (base 16) to b